and 5082?
847
What is the greatest common factor of 89126 and 8?
2
What is the greatest common factor of 735 and 17885?
245
What is the greatest common factor of 87040 and 255?
85
What is the highest common divisor of 39923 and 37?
37
Calculate the highest common factor of 18 and 164856.
6
What is the highest common divisor of 30569 and 352?
11
What is the greatest common divisor of 267733 and 17?
17
What is the greatest common factor of 3848 and 520?
104
What is the highest common factor of 1547 and 4091815?
1547
Calculate the highest common divisor of 80 and 370960.
80
Calculate the greatest common divisor of 429 and 484.
11
Calculate the greatest common factor of 1768456 and 16.
8
Calculate the highest common factor of 861838 and 365.
73
What is the highest common factor of 1449 and 2835?
63
What is the greatest common factor of 56 and 824768?
56
Calculate the greatest common divisor of 1204 and 7697.
43
What is the highest common divisor of 12032 and 10246?
94
Calculate the highest common divisor of 267 and 843.
3
What is the highest common divisor of 97510 and 980?
490
Calculate the highest common divisor of 576 and 40248.
72
What is the greatest common divisor of 1271 and 6417?
31
Calculate the highest common factor of 9725 and 175.
25
Calculate the greatest common divisor of 202 and 1578125.
101
What is the highest common divisor of 560 and 805?
35
Calculate the highest common factor of 41070 and 50.
10
Calculate the greatest common factor of 2191878 and 1368.
342
Calculate the highest common divisor of 100995 and 15.
15
Calculate the greatest common factor of 3801251 and 2635.
527
What is the greatest common divisor of 9081 and 144?
9
Calculate the greatest common factor of 22410 and 26560.
830
What is the highest common factor of 437325 and 7650?
1275
Calculate the greatest common divisor of 373538 and 352.
22
What is the highest common factor of 511 and 995939?
511
What is the greatest common factor of 441 and 17217?
9
What is the greatest common divisor of 19578 and 2678?
26
What is the highest common factor of 4665063 and 39?
39
Calculate the greatest common factor of 1177 and 3317.
107
What is the greatest common factor of 246 and 28946?
82
Calculate the greatest common divisor of 774 and 89136.
18
Calculate the highest common factor of 5973 and 957.
33
What is the highest common divisor of 842527 and 333?
37
What is the greatest common factor of 9424 and 4619?
31
What is the greatest common factor of 426 and 3114?
6
Calculate the highest common divisor of 28 and 94892.
28
Calculate the greatest common factor of 1381136 and 2960.
592
Calculate the highest common factor of 54002 and 3410.
62
What is the highest common divisor of 11639 and 904?
113
What is the greatest common divisor of 2156 and 29596?
196
Calculate the greatest common divisor of 5768 and 18128.
824
Calculate the highest common factor of 748 and 45764.
68
Calculate the greatest common divisor of 5390 and 172130.
70
What is the greatest common factor of 204 and 7044?
12
Calculate the greatest common divisor of 1400 and 8680.
280
Calculate the greatest common divisor of 13746 and 1218.
174
What is the greatest common factor of 3422 and 1218?
58
Calculate the highest common factor of 459 and 317679.
51
Calculate the highest common divisor of 50019 and 3.
3
What is the greatest common factor of 27 and 299709?
9
Calculate the greatest common factor of 4656 and 1744.
16
What is the greatest common divisor of 6600 and 1804?
44
What is the highest common divisor of 72 and 512712?
72
What is the highest common divisor of 1150 and 4850?
50
What is the greatest common divisor of 15378 and 6996?
66
What is the highest common factor of 26760 and 240?
120
Calculate the highest common factor of 600 and 35425.
25
Calculate the greatest common factor of 429226 and 7.
7
What is the highest common factor of 753057 and 486?
243
What is the greatest common factor of 467249 and 873?
97
Calculate the greatest common divisor of 893 and 18001.
47
What is the highest common divisor of 41556 and 12?
12
Calculate the highest common divisor of 93 and 2210889.
93
Calculate the highest common divisor of 285075 and 900.
225
What is the greatest common divisor of 5285 and 945?
35
What is the highest common factor of 261 and 228520?
29
Calculate the greatest common divisor of 6643 and 3504.
73
Calculate the highest common factor of 351 and 37479.
39
What is the highest common factor of 2600182 and 52?
26
Calculate the highest common divisor of 8487 and 45387.
369
Calculate the highest common divisor of 156911 and 173.
173
What is the highest common factor of 7 and 27015?
1
What is the greatest common factor of 450 and 3834?
18
What is the greatest common divisor of 321 and 6527?
107
Calculate the highest common divisor of 522 and 12348.
18
Calculate the greatest common factor of 87358 and 186.
62
Calculate the highest common divisor of 6545 and 18865.
385
Calculate the highest common divisor of 2698299 and 3.
3
Calculate the highest common divisor of 13314 and 42.
42
What is the greatest common factor of 41295 and 30?
15
What is the greatest common divisor of 38994 and 108?
6
Calculate the highest common divisor of 27520 and 960.
320
Calculate the highest common factor of 9 and 1413.
9
What is the highest common factor of 989 and 11008?
43
Calculate the greatest common divisor of 38106 and 365.
73
Calculate the greatest common divisor of 322 and 599886.
322
What is the greatest common factor of 682 and 276334?
62
What is the greatest common factor of 3799805 and 5?
5
What is the greatest common factor of 6 and 5574?
6
Calculate the greatest common factor of 6432 and 4512.
96
What is the greatest common divisor of 210 and 277680?
30
Calculate the greatest common divisor of 6 and 347472.
6
What is the greatest common divisor of 11358396 and 1323?
441
Calculate the highest common divisor of 136 and 196792.
136
What is the greatest common factor of 36231 and 2301?
39
Calculate the greatest common factor of 45 and 1029165.
15
Calculate the greatest common factor of 938661 and 3.
3
Calculate the greatest common divisor of 8224 and 768.
32
What is the highest common divisor of 690272 and 2288?
176
What is the greatest common divisor of 657 and 228125?
73
What is the greatest common divisor of 1125 and 5175?
225
What is the highest common divisor of 159 and 425?
1
What is the highest common divisor of 210275 and 650?
325
Calculate the highest common divisor of 130 and 182135.
5
What is the highest common factor of 11250 and 1692000?
2250
Calculate the highest common factor of 156 and 214068.
12
What is the greatest common divisor of 750 and 14370?
30
What is the highest common divisor of 55 and 264473?
11
Calculate the greatest common divisor of 5632535 and 701.
701
Calculate the highest common divisor of 12460 and 33740.
140
Calculate the highest common factor of 62 and 807178.
62
What is the greatest common factor of 1242 and 45609?
69
What is the highest common divisor of 176 and 5654?
22
What is the highest common factor of 156 and 59956?
52
What is the greatest common divisor of 610 and 114314?
122
What is the highest common factor of 7216 and 87043?
451
What is the highest common factor of 2943 and 2403?
27
What is the greatest common factor of 10323067 and 23?
23
Calculate the highest common divisor of 46458 and 986.
58
What is the highest common divisor of 377391 and 21?
21
What is the highest common factor of 31 and 434496?
31
Calculate the greatest common divisor of 83 and 4518271.
83
What is the greatest common factor of 21 and 217644?
21
What is the highest common factor of 196 and 192619?
49
What is the greatest common factor of 218747 and 551?
551
What is the greatest common factor of 126 and 952?
14
What is the greatest common divisor of 1333 and 148862?
31
Calculate the greatest common divisor of 360640 and 2156.
196
Calculate the greatest common divisor of 15 and 164995.
5
What is the highest common factor of 532 and 1089536?
532
Calculate the greatest common divisor of 13580 and 3780.
140
What is the highest common divisor of 45205 and 10?
5
What is the greatest common divisor of 2375 and 1216?
19
What is the greatest common divisor of 482534 and 13936?
1742
Calculate the highest comm